{"id":86,"date":"2025-07-01T11:56:13","date_gmt":"2025-07-01T11:56:13","guid":{"rendered":"https:\/\/muhammedaksoz.com.tr\/?page_id=86"},"modified":"2025-07-01T12:31:24","modified_gmt":"2025-07-01T12:31:24","slug":"anasayfa","status":"publish","type":"page","link":"https:\/\/muhammedaksoz.com.tr\/index.php\/anasayfa\/","title":{"rendered":"Anasayfa"},"content":{"rendered":"\n<p>Muhammed Hakk\u0131 Aks\u00f6z kimdir?<\/p>\n\n\n\n<p><strong>Hakk\u0131mda<\/strong><\/p>\n\n\n\n<p>2009 y\u0131l\u0131nda Samsun&#8217;un Vezirk\u00f6pr\u00fc il\u00e7esinde do\u011fdum. 2014 y\u0131l\u0131nda ailemle birlikte Bursa&#8217;ya ta\u015f\u0131nd\u0131k. 2024 y\u0131l\u0131nda kahve sekt\u00f6r\u00fcnde \u00e7al\u0131\u015fmaya ba\u015flad\u0131m. Bu s\u00fcre\u00e7te tan\u0131\u015ft\u0131\u011f\u0131m hosting firmas\u0131 sahibi Mehmet G\u00fcrb\u00fcz ile g\u00f6r\u00fc\u015ferek VdsT\u00fcrkiye&#8217;de \u00e7al\u0131\u015fma f\u0131rsat\u0131 yakalad\u0131m. Kendimi s\u00fcrekli geli\u015ftirmeye odaklanm\u0131\u015f, \u00f6\u011frenmeye hevesli bir gen\u00e7 olarak yoluma devam ediyorum.<\/p>\n\n\n\n<p>VdsT\u00fcrkiye;<br><a href=\"https:\/\/vdsturkiye.com\/\" data-type=\"link\" data-id=\"https:\/\/vdsturkiye.com\/\">https:\/\/vdsturkiye.com\/<\/a><\/p>\n\n\n\n<p><\/p>\n","protected":false},"excerpt":{"rendered":"<p>Muhammed Hakk\u0131 Aks\u00f6z kimdir? Hakk\u0131mda 2009 y\u0131l\u0131nda Samsun&#8217;un Vezirk\u00f6pr\u00fc il\u00e7esinde do\u011fdum. 2014 y\u0131l\u0131nda ailemle birlikte Bursa&#8217;ya ta\u015f\u0131nd\u0131k. 2024 y\u0131l\u0131nda kahve sekt\u00f6r\u00fcnde \u00e7al\u0131\u015fmaya ba\u015flad\u0131m. Bu s\u00fcre\u00e7te tan\u0131\u015ft\u0131\u011f\u0131m hosting firmas\u0131 sahibi Mehmet G\u00fcrb\u00fcz ile g\u00f6r\u00fc\u015ferek VdsT\u00fcrkiye&#8217;de \u00e7al\u0131\u015fma f\u0131rsat\u0131 yakalad\u0131m. Kendimi s\u00fcrekli geli\u015ftirmeye odaklanm\u0131\u015f, \u00f6\u011frenmeye hevesli bir gen\u00e7 olarak yoluma devam ediyorum. VdsT\u00fcrkiye;https:\/\/vdsturkiye.com\/<\/p>\n","protected":false},"author":1,"featured_media":0,"parent":0,"menu_order":0,"comment_status":"closed","ping_status":"closed","template":"","meta":{"_themeisle_gutenberg_block_has_review":false,"footnotes":""},"class_list":["post-86","page","type-page","status-publish","hentry"],"_links":{"self":[{"href":"https:\/\/muhammedaksoz.com.tr\/index.php\/wp-json\/wp\/v2\/pages\/86","targetHints":{"allow":["GET"]}}],"collection":[{"href":"https:\/\/muhammedaksoz.com.tr\/index.php\/wp-json\/wp\/v2\/pages"}],"about":[{"href":"https:\/\/muhammedaksoz.com.tr\/index.php\/wp-json\/wp\/v2\/types\/page"}],"author":[{"embeddable":true,"href":"https:\/\/muhammedaksoz.com.tr\/index.php\/wp-json\/wp\/v2\/users\/1"}],"replies":[{"embeddable":true,"href":"https:\/\/muhammedaksoz.com.tr\/index.php\/wp-json\/wp\/v2\/comments?post=86"}],"version-history":[{"count":4,"href":"https:\/\/muhammedaksoz.com.tr\/index.php\/wp-json\/wp\/v2\/pages\/86\/revisions"}],"predecessor-version":[{"id":91,"href":"https:\/\/muhammedaksoz.com.tr\/index.php\/wp-json\/wp\/v2\/pages\/86\/revisions\/91"}],"wp:attachment":[{"href":"https:\/\/muhammedaksoz.com.tr\/index.php\/wp-json\/wp\/v2\/media?parent=86"}],"curies":[{"name":"wp","href":"https:\/\/api.w.org\/{rel}","templated":true}]}}